011001111
Convert 6166456 (base 7) to base 14.
153666
What is -3d075 (base 16) in base 8?
-750165
What is -344011 (base 8) in base 7?
-664236
Convert 465631 (base 7) to base 15.
19bca
22110213202 (base 4) to base 15
386b2a
What is -12577 (base 15) in base 16?
-e4f4
7345515 (base 8) to base 7
22411452
Convert -44202104 (base 5) to base 12.
-164961
Convert -111203412 (base 5) to base 4.
-1313321203
-135046 (base 11) to base 3
-101202100222
1240304234 (base 5) to base 14
598003
What is 36ced (base 15) in base 13?
618a3
Convert -230321043 (base 5) to base 2.
-11111010100101011110
What is -8467767 (base 9) in base 12?
-16271b1
1a778 (base 15) to base 8
250057
-43524526 (base 7) to base 15
-4dc67d
Convert 4d227 (base 14) to base 5.
22033023
What is 10553250 (base 6) in base 15?
66916
What is 4c143 (base 13) in base 12?
69600
What is 10101010101010011100100 (base 2) in base 15?
756e97
What is 215432 (base 9) in base 15?
281c2
Convert 504077 (base 9) to base 3.
120011002121
243306 (base 15) to base 3
10020222221020
What is -4433231 (base 5) in base 2?
-10010111000000100
What is 2a5b8 (base 16) in base 14?
47328
Convert -1346002 (base 8) to base 9.
-638117
Convert -111021200021 (base 3) to base 16.
-3fd63
-23123122 (base 5) to base 10
-207912
Convert 123062463 (base 7) to base 8.
35533507
499a80 (base 16) to base 5
2213324210
What is 201002102211 (base 3) in base 7?
3123331
-10211202022120 (base 3) to base 5
-1010322120
Convert 324846 (base 9) to base 8.
572523
-1121210122100 (base 3) to base 2
-11010010011111000010
What is c74594 (base 13) in base 4?
101302331231
What is -3aa06 (base 13) in base 12?
-53345
What is -6c361b (base 14) in base 13?
-9c5bc0
Convert 3402042 (base 5) to base 2.
1110100011111111
441452 (base 8) to base 4
210030222
What is 2637775 (base 10) in base 8?
12037717
What is 14d439 (base 14) in base 6?
23334203
6036614 (base 7) to base 6
23200152
Convert -203362 (base 8) to base 16.
-106f2
25054 (base 8) to base 12
62b8
Convert 1528439 (base 10) to base 15.
202d0e
What is -27206 (base 13) in base 2?
-10001110010001101
3008a7 (base 12) to base 2
10110110100011111111
Convert -76991 (base 11) to base 5.
-12033122
Convert -c5ba2 (base 14) to base 9.
-806301
-43115060 (base 7) to base 2
-1101111111100001110100
6a01a9 (base 12) to base 4
12133030101
358a4 (base 15) to base 8
515320
1471648 (base 9) to base 10
814823
Convert 11bc2 (base 13) to base 7.
164361
Convert -53570 (base 13) to base 5.
-14302312
What is -23413420 (base 6) in base 14?
-151204
Convert 4a91a9 (base 11) to base 8.
3040021
Convert 57bc4 (base 14) to base 2.
110100001001110000
What is 8960191 (base 11) in base 2?
111011111011011100111110
1c82c7 (base 14) to base 13
299b53
-1111001111001110 (base 2) to base 3
-10011121122
Convert 222202220021 (base 3) to base 5.
113330433
Convert 2236346 (base 7) to base 13.
9990b
What is 3001233030 (base 4) in base 12?
323290
-113230011332 (base 4) to base 11
-3561670
Convert -228283 (base 9) to base 12.
-67549
What is -4a440 (base 14) in base 11?
-114774
What is 8432847 (base 10) in base 4?
200022303033
What is 510223 (base 9) in base 13?
a75bc
What is 203671 (base 10) in base 8?
615627
Convert 2a83a2 (base 11) to base 13.
13a410
-5c37 (base 15) to base 4
-10302223
Convert -11111001000001110111011 (base 2) to base 10.
-8160187
What is 100021110121210 (base 3) in base 5?
2230224301
What is -16949b1 (base 12) in base 10?
-4673941
Convert -2402421124 (base 5) to base 4.
-111002022322
-8404762 (base 9) to base 7
-53114030
Convert 13679a (base 11) to base 12.
a3964
Convert 112627 (base 11) to base 7.
1344120
82586 (base 10) to base 5
10120321
Convert 20200223202 (base 4) to base 16.
220ae2
-801771 (base 10) to base 14
-16c295
What is 543906 (base 12) in base 13?
37900b
Convert 1456315 (base 7) to base 15.
3ded4
35cc1 (base 13) to base 4
120020211
Convert -4022034 (base 7) to base 14.
-c571b
Convert -6763a2 (base 14) to base 4.
-31121223122
Convert 10011001100100110001 (base 2) to base 4.
2121210301
What is -d10a (base 14) in base 5?
-2122003
-52496a (base 11) to base 9
-1521603
Convert 1456052 (base 7) to base 15.
3de52
Convert 2549563 (base 11) to base 5.
2112411334
1023b2b (base 13) to base 9
10176120
-4334b8 (base 12) to base 14
-1d979a
What is -3041 (base 6) in base 7?
-1651
49077 (base 15) to base 10
232987
13300131121 (base 4) to base 3
10211022102201
What is -23321243 (base 5) in base 16?
-343bc
202132022100 (base 4) to base 16
89e290
7ec6 (base 16) to base 14
bb82
What is 1000221220000 (base 3) in base 9?
1027800
What is -1111001010011001 (base 2) in base 12?
-2bb35
What is -11e11 (base 15) in base 3?
-2220102021
What is 380620 (base 9) in base 13?
809a0
111111110111111 (base 2) to base 10
32703
66d9 (base 15) to base 3
1002220120
Convert -114003243 (base 5) to base 10.
-531698
Convert 199880 (base 16) to base 5.
412134230
What is b4d173 (base 14) in base 8?
27225141
Convert 6579359 (base 11) to base 13.
2514c42
Convert 3022024 (base 6) to base 10.
143008
-1ff5ec (base 16) to base 6
-112521032
What is -10111012311 (base 4) in base 14?
-2178d7
Convert -647580 (base 13) to base 14.
-455642
Convert 3344623 (base 8) to base 10.
903571
Convert -1098a30 (base 12) to base 13.
-878049
-3040130 (base 5) to base 9
-74705
What is 110110011001101010000 (base 2) in base 9?
3316245
Convert 204a13a (base 11) to base 6.
205252504
What is 1283aa (base 14) in base 11?
3a5936
What is 717549 (base 10) in base 9?
1313256
Convert 203981 (base 10) to base 7.
1506461
Convert 2201433 (base 7) to base 5.
32110400
2232946 (base 10) to base 14
421a82
What is -13030044 (base 6) in base 7?
-3413425
-61707 (base 8) to base 14
-9447
What is -16bd3 (base 14) in base 9?
-86438
Convert -69a6b (base 12) to base 9.
-235072
-3132231001 (base 4) to base 2
-11011110101101000001
2455524 (base 6) to base 14
3624c
Convert -2223333002 (base 4) to base 15.
-ddad5
What is -101101010110111001 (base 2) in base 8?
-552671
-1210003120 (base 4) to base 6
-12441144
10455630 (base 7) to base 14
197a50
What is -5116106 (base 8) in base 3?
-2112121211220
-11151345 (base 8) to base 7
-26340550
-408629 (base 14) to base 12
-88a451
What is 48721a (base 11) in base 2?
10111100001101100000
Convert -9141966 (base 10) to base 7.
-140463651
What is 76414 (base 10) in base 4?
102221332
What is 83887 (base 12) in base 3?
22202101111
3326726 (base 8) to base 3
1200112201121
What is 898991 (base 10) in base 15?
12b57b
-38c87 (base 16) to base 12
-b271b
What is -10302030002 (base 4) in base 7?
-13442255
5574205 (base 9) to base 5
1232021320
What is -270376 (base 8) in base 4?
-113003332
What is 1230323122 (base 4) in base 7?
3535534
Convert -3232403 (base 5) to base 16.
-d839
-24314455 (base 6) to base 4
-2330201003
-28b45 (base 14) to base 3
-12010112210
20030331001 (base 4) to base 5
1022301314
Convert -3310022130 (base 4) to base 2.
-11110100001010011100
-1290409 (base 12) to base 11
-2087a73
-5113634 (base 9) to base 10
-2725519
-150124 (base 10) to base 3
-21121221011
2635426 (base 9) to base 12
5959b0
Convert -13d8d64 (base 14) to base 6.
-543110352
What is -2a6a4 (base 11) in base 5?
-2342212
What is -1939128 (base 10) in base 2?
-111011001011010111000
What is 43160356 (base 7) in base 10?
3678520
What is -10704 (base 8) in base 10?
-4548
Convert -3452431 (base 6) to base 9.
-301331
Convert -2124745 (base 8) to base 13.
-16b586
Convert -35b13 (base 15) to base 4.
-221303223
What is b1215c (base 13) in base 12?
1466928
-1212000210121 (base 3) to base 5
-223002413
What is 3340203 (base 5) in base 14?
17603
Convert 1973bb (base 14) to base 10.
903529
Convert 237823 (base 14) to base 2.
100100111110100110111
-355323101 (base 6) to base 11
-3865687
What is -73198 (base 10) in base 4?
-101313232
What is -185350 (base 11) in base 10?
-285252
1171b (base 15) to base 2
1101100100110001
Convert 111100313101 (base 4) to base 5.
2411332342
What is 3b31 (base 16) in base 7?
62115
11044224 (base 6) to base 5
41121403
-2971370 (base 10) to base 16
-2d56ea
What is 1122202001 (base 3) in base 5?
2020432
3022131203 (base 4) to base 11
517064
What is -100010110010110000111 (base 2) in base 16?
-116587
Convert -6434a (base 12) to base 5.
-13204233
16a14 (base 12) to base 14
bc1a
-87152 (base 10) to base 11
-5a